m(5).
0
Let j be (1 - -9 - (-9 + 32)) + (3 - -1). Let l(x) = x**3 + 7*x**2 - 14*x + 25. Calculate l(j).
-11
Let f(t) = -5*t - 3*t + 21 - 38*t + 35*t - 4. Determine f(6).
-49
Let k(g) be the second derivative of -g**5/60 - g**4/8 + 5*g**3/6 - 109*g**2/2 - 2*g - 95. Let b(n) be the first derivative of k(n). Determine b(-4).
1
Let z be (-2)/(-3)*(1 + 2). Let x be (z - -5)/(7 - 6). Let b(f) = -5*f**2 + 13*f - 11. Let h(g) = -g**2 + g - 1. Let p(m) = b(m) - 4*h(m). What is p(x)?
7
Let i be 6/(-1) - 36/(-9). Let t(y) be the second derivative of 1/12*y**4 + 10*y - 1/6*y**3 + 0 + 1/20*y**5 + y**2. Determine t(i).
0
Let i(l) be the third derivative of -l**6/60 + 5*l**5/6 - 25*l**4/12 + 17*l**3/2 + 3*l**2 - 2*l - 45. Determine i(24).
3
Let v(d) = -5*d - 21. Suppose 3*h + 14*h - 355 + 423 = 0. Calculate v(h).
-1
Let a(u) = 4*u - 4. Let g be a(2). Suppose -4*d - 2*y = -2*d - 18, -g*y + 18 = d. Let m(o) = -14*o + o**3 - 5 - 6*o**2 + 14*o. Determine m(d).
-5
Let a(s) be the second derivative of s**5/20 - s**4/6 - s**3/3 + 7*s**2/2 - 9*s - 13. Give a(3).
10
Let l(y) = y - 3. Let d be l(5). Let u(v) = -4*v**3 - 7*v**2 + 8*v - 11. Let k(b) = 10*b**3 + 17*b**2 - 20*b + 27. Let j(m) = -5*k(m) - 12*u(m). Determine j(d).
-15
Let g(n) = -n**2 - 6*n - 1. Suppose 31*k - 26*k + 3*y + 665 = 0, -y = -k - 125. Let z = k - -123. Give g(z).
-8
Let z(s) = 3*s - 3 + 15 - 1. Suppose 240 = 12216*c - 12256*c. Give z(c).
-7
Let u(w) = -10*w**2 + w. Let p(o) = 2*o + 13. Let m be p(-9). Let i be (m + 10 + -6)*1. What is u(i)?
-11
Let v be -1 + (8 - 4) + 42. Suppose -7*f + v = -4*f. Suppose 3*y = -f, 7*o + y + 14 = 4*o. Let t(b) = -b - 4. Give t(o).
-1
Let z(c) = -c**3 + 2*c**2 + 5*c - 11. Let o(s) = 3*s**2 + 71*s + 418. Let k be o(-13). What is z(k)?
-1
Let q(j) = -5*j**3 + j**2 - 3*j - 6. Let c(s) = 6*s**3 - 2*s**2 + 4*s + 7. Let f be 0/2 - 3*5/(-15). Let r = f - 7. Let y(l) = r*c(l) - 7*q(l). What is y(3)?
9
Let o(w) = 14*w**2 + w. Let c = -32 + 5. Let m = 39 + c. Suppose -y + 11 = m. Calculate o(y).
13
Let j(x) = 22*x - 820. Let m be 17/833 + (-7248)/(-196). Determine j(m).
-6
Let f(d) = d**2 - 8*d + 9. Let c = -16724 - -16726. What is f(c)?
-3
Let i(o) = -58*o + 20. Let n(h) = -27*h + 9. Let w(b) = -6*i(b) + 13*n(b). Let c be -4*(-3)/6 - -1. Suppose 0 = c*y - 4*a - 2, 2*a = 3*y - a. Determine w(y).
3
Let d(k) = 3*k**2 + 29*k - 8. Let z(y) = y**2 + 15*y - 5. Let s(x) = 4*d(x) - 7*z(x). Let o be s(-2). Let b(n) = 56*n**2 - n + 1. Calculate b(o).
56
Let g(b) = -b + 4 - b - 4*b + b**2. Let i = -936 - -940. Give g(i).
-4
Let y(m) = 175 - m - 197*m**3 + m**2 + 201*m**3 - 150. Give y(0).
25
Suppose 28*d - 90 = 38*d. Let w(p) = -29*p + 5*p + 19*p + 0 - 1. Give w(d).
44
Let h(f) = 20*f + 168. Let x(l) = 2*l + 3. Let s(t) = -h(t) - 3*x(t). Let m be s(-7). Let v(i) = -i**3 + 5*i**2 - 3*i + 12. Give v(m).
-3
Suppose 12 = -0*m - 4*m. Let s(b) = -23 - 28*b**2 + 6*b**2 + 24 + 7*b**2 + 11*b**2 + 3*b**2. Give s(m).
-8
Suppose 3*v = -5*m + 45, 0 = -v + 2*m - 0*m + 26. Let j = v - 14. Let k(f) = f**3 + 350 - 350 + j*f**2. Calculate k(-6).
0
Let l be (-8)/(-10) - (-143)/65. Let m(d) = -l + 343*d**2 - 2 - 173*d**2 + 6*d - 171*d**2. What is m(5)?
0
Let n(p) be the second derivative of p**4/12 + 11*p**3/6 + 13*p**2/2 - 47*p - 18. Determine n(-7).
-15
Let x be (-10)/100*(20/(-50))/(8/10). Let b(v) be the second derivative of -3*v - 7/2*v**2 + 7/12*v**4 + 0 + 3/2*v**3 - x*v**5. Give b(8).
1
Suppose -3*x = x - 4, 5*x + 10 = s. Suppose 0 = 2*w + j - s, 5*j + 15 = -5*w + 50. Let c(i) = -w*i - 15 - i - i + 14. Determine c(1).
-11
Let d(o) = 4*o - 27. Let c(w) = 8*w - 63. Let n(x) = 6*c(x) - 13*d(x). Give n(-9).
9
Let o(n) = 13 - 50 + 11 + 7*n + 9 + 13. Calculate o(2).
10
Let h(j) be the first derivative of -4*j**3 + j**2 + 558. What is h(-2)?
-52
Suppose -88*q + 366 = 69 - 319. Let y(n) = -n**3 + 5*n**2 - 14. Determine y(q).
-112
Suppose 3*t - 5*u = -16, -3*u - 15 = -6*u. Let d(j) be the second derivative of 2/3*j**t + 11*j + 3/2*j**2 + 1/6*j**4 + 0. Calculate d(-3).
9
Let f(z) = -5 + 5*z**2 - 282*z + 273*z + 0*z**2 - 7*z**2. Let p(h) = -h - 5. Let x be p(10). Let i = x + 9. Determine f(i).
-23
Let i be 14/(-8)*-3 - ((-30)/8)/(-3). Let f(h) = h + 2. Calculate f(i).
6
Let j(x) = -15*x**2 - 5*x + 27. Let d(n) = -7*n**2 - 2*n + 13. Let t(b) = -13*d(b) + 6*j(b). Let m = 36 + -38. Let s be (24/36)/(m/(-15)). Determine t(s).
-2
Let k(p) = p**3 - 19*p**2 + 38*p - 61. Let g be k(17). Let c(f) be the third derivative of -f**6/120 + 3*f**5/20 - 3*f**4/8 + 5*f**3/6 - 2*f**2. Determine c(g).
40
Let l(k) be the third derivative of -k**6/120 + 7*k**5/60 + k**4/24 - 3*k**3/2 + 8*k**2 - 5. Let h = 8 + -1. Determine l(h).
-2
Let f(c) be the first derivative of c**4/4 + 4*c**3/3 + 3*c**2 - 2*c - 2897. Determine f(-2).
-6
Let b = -154 + 157. Let z(u) = -u - 4*u + 52*u**3 - 9 + 6*u**2 + 7 - 53*u**b. Determine z(5).
-2
Let b(z) = -2*z**3 - 22*z**2 - 2*z - 10. Suppose -621*u - 825 = -546*u. Calculate b(u).
12
Suppose 3 - 11 = -4*j. Let l(h) be the third derivative of h**4/3 - h**3/3 - 2026*h**2. Give l(j).
14
Let p(q) = -4*q**2 - 6*q + 10. Let u(s) be the third derivative of -11*s**5/60 - 3*s**4/4 + 5*s**3 - 17*s**2 + 3. Let a(o) = -8*p(o) + 3*u(o). Determine a(-8).
-6
Suppose 45*r = 82*r - 296. Let b(v) = v - 10. Determine b(r).
-2
Let u(x) = -288*x + 1730. Let p be u(6). Let v(f) = 2*f**2 - 3*f - 2. Determine v(p).
0
Let c(x) be the first derivative of -2*x**3/3 - 3*x**2/2 + 9*x + 3452. What is c(-3)?
0
Let y(l) = -39*l**3 + l**2 - 2*l. Let p be y(1). Let g be (-8)/(p/15) - -3. Let v(r) = 2*r - 14. Calculate v(g).
-2
Let c(x) = -3*x**3 - 7*x**2 - 209*x - 15. Let u(z) = -4*z**3 - 6*z**2 - 208*z - 13. Let d(s) = 5*c(s) - 4*u(s). Calculate d(-10).
7
Let c(f) be the third derivative of 3*f**4/8 - f**3/2 - 2*f**2. Suppose -7 = -0*o + 3*o + 5*g, -8 = 4*g. Let x be c(o). Let n(w) = w**2 - 4*w + 3. Give n(x).
15
Let q = 6 + -5. Suppose n = -z - 2 + q, 4*n = -5*z + 1. Let p = n + 10. Let u(o) = -2*o - 5. Calculate u(p).
-13
Suppose -17*r = -97 - 22. Let w(u) be the first derivative of u**3/3 - 3*u**2 - 3*u + 67. Determine w(r).
4
Suppose -175 + 139 = -18*a. Let k(n) be the first derivative of -4 + n + 1/4*n**4 + 1/3*n**3 - 1/2*n**a. Determine k(0).
1
Suppose -319*c = 3218 + 363 - 710. Let j(r) = -r**2 + 9*r + 4. Let l(s) = -3*s**2 + 18*s + 9. Let k(q) = 5*j(q) - 2*l(q). Determine k(c).
2
Let w be (-4)/1*6/(-6). Let q(d) = -5 - w - d**2 + 4 + 0 + 3. Calculate q(0).
-2
Let n(x) = x**3 + 8*x**2 + 5*x - 12. Let l(s) = s**3 + 25*s**2 + 156*s + 16. Let i be l(-11). Determine n(i).
30
Let x be (7 - 6/3) + 0. Suppose 2*m = -y, -3*m - 13 = -x*y - 0*m. Let g(k) = 3 + 4*k + 2 - 2*k - k**y + 2*k. Give g(4).
5
Suppose 41 = -3*b - 5*h, 0*h + 55 = -3*b + 2*h. Let r be (b + 14)*(-2)/6. Let g(s) = r - 8*s + 4*s + 10*s. Give g(1).
7
Suppose -217*p + 198 - 849 = 0. Let w(f) = -4*f**2 - f + 3. What is w(p)?
-30
Suppose -3*s + 0 = 2*u - 1, 0 = 2*s - 5*u + 12. Let x(w) = 23*w**2 - 20896 + 20896. Calculate x(s).
23
Let r = -2158 - -2158. Let j(s) = -s**2 + 2*s + 17. What is j(r)?
17
Suppose 0 = 5*g - 75 + 30. Suppose -143 = -g*v - 35. Suppose 31 = -v*h - 17. Let q(i) = -i + 5. Give q(h).
9
Suppose 26 + 93 = 17*v. Let n be 28/16 - (-2)/8. Let r(d) = 6*d + 2*d**2 - 7*d**n - d**2 + v*d**2 + 6. Give r(-5).
1
Let m(i) = -251*i**3 + 9*i**2 - 5 + 7*i**2 + 252*i**3 - 17*i - 12 + 7. Let k(z) = -z**3 + z**2 + z - 2. Let p be k(3). Determine m(p).
-10
Let o(m) = -4*m - 2*m + 4 + 4*m. Suppose -k - 5*r + 12 = 0, 0 = -9*k + 7*k - r + 6. What is o(k)?
0
Let o(d) = 0*d**2 + 2 + 2*d + 2*d**2 - 1 + 5*d**3. Let j(t) = 4*t**2 - 69*t + 274. Let c be j(11). Give o(c).
-4
Suppose 5*j = -2*q - 72, -q - j - 24 - 6 = 0. Let c = q - -39. Let b(x) = -x**2 + 2*x + 2*x**2 - c*x**2 - x. Determine b(1).
-11
Let m(k) = 45*k + 14. Suppose -9 - 5 + 33 = -19*q. Calculate m(q).
-31
Let q(r) = 3 - 3*r + r + 2. Suppose -351*b + 357*b = -60. Let c be ((-44)/(-8) - 6)*b. Determine q(c).
-5
Let b(f) be the first derivative of -f**4/4 - 3*f**3 + 21*f**2/2 - 8*f - 1384. Give b(-11).
3
Suppose 24 = 4*h - h. Let t = h - 4. Let j(q) be the first derivative of q**3/3 - q**2 - 5*q - 1799. Calculate j(t).
3
Suppose -5*v + 5*p = 25, -3*p + 21 = -3*v - 2*v. Let y be (-2 - 9/v)*-3. Let o(z) = 52932*z - 